{"id":2242,"date":"2015-10-24T22:14:48","date_gmt":"2015-10-24T21:14:48","guid":{"rendered":"http:\/\/www.sportingclubplaisance.org\/scp-volley.fr\/?page_id=2242"},"modified":"2016-08-03T15:52:02","modified_gmt":"2016-08-03T14:52:02","slug":"historique_m15m","status":"publish","type":"page","link":"https:\/\/www.sportingclubplaisance.org\/scp-volley.fr\/la-section\/palmares\/historique_m15m\/","title":{"rendered":"Historique M15 M"},"content":{"rendered":"<p>&nbsp;<\/p>\n<div id=\"historique\">\n<table class=\"tableauHistorique\">\n<thead>\n<tr>\n<th>Saison<\/th>\n<th>Division<\/th>\n<th>Classement<\/th>\n<\/tr>\n<\/thead>\n<tbody>\n<tr>\n<td>2015-2016<\/td>\n<td><a title=\"\" href=\"..\/..\/..\/wp-content\/uploads\/Equipes\/2015_2016\/M15M.jpg\" data-rel=\"lightbox-gallery-JZ4gOaCD\" data-rl_title=\"\" data-rl_caption=\"\">Championnat secteur Sud Midi-Pyr\u00e9n\u00e9es<\/a><br \/>\nCoupe de France<\/td>\n<td>6\u00e8me<br \/>\n1er tour<\/td>\n<\/tr>\n<tr>\n<td>2014-2015<\/td>\n<td><a title=\"\" href=\"..\/..\/..\/wp-content\/uploads\/Equipes\/2014_2015\/M15M.jpg\" data-rel=\"lightbox-gallery-JZ4gOaCD\" data-rl_title=\"\" data-rl_caption=\"\">Championnat Midi-Pyr\u00e9n\u00e9es<\/a><br \/>\nCoupe de France<\/td>\n<td>6\u00e8me<br \/>\n1er tour<\/td>\n<\/tr>\n<tr>\n<td>2013-2014<\/td>\n<td>Pas d&rsquo;\u00e9quipe<\/td>\n<td><\/td>\n<\/tr>\n<tr>\n<td>2012-2013<\/td>\n<td>Pas d&rsquo;\u00e9quipe<\/td>\n<td><\/td>\n<\/tr>\n<tr>\n<td>2011-2012<\/td>\n<td>Pas d&rsquo;\u00e9quipe<\/td>\n<td><\/td>\n<\/tr>\n<tr>\n<td>2010-2011<\/td>\n<td>Pas d&rsquo;\u00e9quipe<\/td>\n<td><\/td>\n<\/tr>\n<tr>\n<td>2009-2010<\/td>\n<td>Championnat Midi-Pyr\u00e9n\u00e9es<\/td>\n<td><\/td>\n<\/tr>\n<tr>\n<td>2008-2009<\/td>\n<td>Championnat Midi-Pyr\u00e9n\u00e9es<\/td>\n<td><\/td>\n<\/tr>\n<tr>\n<td>2007-2008<\/td>\n<td><a title=\"\" href=\"..\/..\/..\/wp-content\/uploads\/Equipes\/2007_2008\/minimes_g.jpg\" data-rel=\"lightbox-gallery-JZ4gOaCD\" data-rl_title=\"\" data-rl_caption=\"\">Championnat Midi-Pyr\u00e9n\u00e9es<\/a><\/td>\n<td><\/td>\n<\/tr>\n<\/tbody>\n<\/table>\n<\/div>\n<p><a title=\"Palmar\u00e8s\" href=\"..\">Retour Palmar\u00e8s<\/a><\/p>\n<div style=\"padding-bottom:20px; padding-top:10px;\" class=\"hupso-share-buttons\"><!-- Hupso Share Buttons - https:\/\/www.hupso.com\/share\/ --><a class=\"hupso_counters\" href=\"https:\/\/www.hupso.com\/share\/\"><img decoding=\"async\" src=\"https:\/\/static.hupso.com\/share\/buttons\/lang\/fr\/share-small.png\" style=\"border:0px; padding-top:2px; float:left;\" alt=\"Share Button\"\/><\/a><script type=\"text\/javascript\">var hupso_services_c=new Array(\"twitter\",\"facebook_like\",\"facebook_send\",\"google\",\"email\");var hupso_counters_lang = \"fr_FR\";var hupso_image_folder_url = \"\";var hupso_url_c=\"\";var hupso_title_c=\"Historique%20M15%20M\";<\/script><script type=\"text\/javascript\" src=\"https:\/\/static.hupso.com\/share\/js\/counters.js\"><\/script><!-- Hupso Share Buttons --><\/div>","protected":false},"excerpt":{"rendered":"<p>&nbsp; Saison Division Classement 2015-2016 Championnat secteur Sud Midi-Pyr\u00e9n\u00e9es Coupe de France 6\u00e8me 1er tour 2014-2015 Championnat Midi-Pyr\u00e9n\u00e9es Coupe de France 6\u00e8me 1er tour 2013-2014 Pas d&rsquo;\u00e9quipe 2012-2013 Pas d&rsquo;\u00e9quipe 2011-2012 Pas d&rsquo;\u00e9quipe 2010-2011 Pas d&rsquo;\u00e9quipe 2009-2010 Championnat Midi-Pyr\u00e9n\u00e9es 2008-2009 Championnat Midi-Pyr\u00e9n\u00e9es 2007-2008 Championnat Midi-Pyr\u00e9n\u00e9es Retour Palmar\u00e8s<\/p>\n<div style=\"padding-bottom:20px; padding-top:10px;\" class=\"hupso-share-buttons\"><!-- Hupso Share Buttons - https:\/\/www.hupso.com\/share\/ --><a class=\"hupso_counters\" href=\"https:\/\/www.hupso.com\/share\/\"><img src=\"https:\/\/static.hupso.com\/share\/buttons\/lang\/fr\/share-small.png\" style=\"border:0px; padding-top:2px; float:left;\" alt=\"Share Button\"\/><\/a><script type=\"text\/javascript\">var hupso_services_c=new Array(\"twitter\",\"facebook_like\",\"facebook_send\",\"google\",\"email\");var hupso_counters_lang = \"fr_FR\";var hupso_image_folder_url = \"\";var hupso_url_c=\"\";var hupso_title_c=\"Historique%20M15%20M\";<\/script><script type=\"text\/javascript\" src=\"https:\/\/static.hupso.com\/share\/js\/counters.js\"><\/script><!-- Hupso Share Buttons --><\/div>","protected":false},"author":2,"featured_media":0,"parent":2228,"menu_order":0,"comment_status":"closed","ping_status":"closed","template":"","meta":{"_mc_calendar":[],"footnotes":""},"class_list":["post-2242","page","type-page","status-publish","hentry"],"_links":{"self":[{"href":"https:\/\/www.sportingclubplaisance.org\/scp-volley.fr\/wp-json\/wp\/v2\/pages\/2242","targetHints":{"allow":["GET"]}}],"collection":[{"href":"https:\/\/www.sportingclubplaisance.org\/scp-volley.fr\/wp-json\/wp\/v2\/pages"}],"about":[{"href":"https:\/\/www.sportingclubplaisance.org\/scp-volley.fr\/wp-json\/wp\/v2\/types\/page"}],"author":[{"embeddable":true,"href":"https:\/\/www.sportingclubplaisance.org\/scp-volley.fr\/wp-json\/wp\/v2\/users\/2"}],"replies":[{"embeddable":true,"href":"https:\/\/www.sportingclubplaisance.org\/scp-volley.fr\/wp-json\/wp\/v2\/comments?post=2242"}],"version-history":[{"count":4,"href":"https:\/\/www.sportingclubplaisance.org\/scp-volley.fr\/wp-json\/wp\/v2\/pages\/2242\/revisions"}],"predecessor-version":[{"id":2865,"href":"https:\/\/www.sportingclubplaisance.org\/scp-volley.fr\/wp-json\/wp\/v2\/pages\/2242\/revisions\/2865"}],"up":[{"embeddable":true,"href":"https:\/\/www.sportingclubplaisance.org\/scp-volley.fr\/wp-json\/wp\/v2\/pages\/2228"}],"wp:attachment":[{"href":"https:\/\/www.sportingclubplaisance.org\/scp-volley.fr\/wp-json\/wp\/v2\/media?parent=2242"}],"curies":[{"name":"wp","href":"https:\/\/api.w.org\/{rel}","templated":true}]}}