{"id":2236,"date":"2015-10-24T22:13:12","date_gmt":"2015-10-24T21:13:12","guid":{"rendered":"http:\/\/www.sportingclubplaisance.org\/scp-volley.fr\/?page_id=2236"},"modified":"2016-08-03T15:44:38","modified_gmt":"2016-08-03T14:44:38","slug":"historique_m11","status":"publish","type":"page","link":"https:\/\/www.sportingclubplaisance.org\/scp-volley.fr\/la-section\/palmares\/historique_m11\/","title":{"rendered":"Historique M11"},"content":{"rendered":"<p>&nbsp;<\/p>\n<div id=\"historique\">\n<table class=\"tableauHistorique\">\n<thead>\n<tr>\n<th>Saison<\/th>\n<th>Division<\/th>\n<th>Classement<\/th>\n<\/tr>\n<\/thead>\n<tbody>\n<tr>\n<td>2015-2016<\/td>\n<td><a title=\"\" href=\"..\/..\/..\/wp-content\/uploads\/Equipes\/2015_2016\/M11.jpg\" data-rel=\"lightbox-gallery-nOFRDNnH\" data-rl_title=\"\" data-rl_caption=\"\">Championnat Midi-Pyr\u00e9n\u00e9es<\/a><\/td>\n<td><\/td>\n<\/tr>\n<tr>\n<td>2014-2015<\/td>\n<td><a title=\"\" href=\"..\/..\/..\/wp-content\/uploads\/Equipes\/2014_2015\/M11.jpg\" data-rel=\"lightbox-gallery-nOFRDNnH\" data-rl_title=\"\" data-rl_caption=\"\">Championnat Midi-Pyr\u00e9n\u00e9es<\/a><\/td>\n<td>15\u00e8me (M11F)<\/td>\n<\/tr>\n<tr>\n<td>2013-2014<\/td>\n<td>Championnat Midi-Pyr\u00e9n\u00e9es<\/td>\n<td>2\u00e8me (Poussins)<br \/>\n12\u00e8me (Poussines)<\/td>\n<\/tr>\n<tr>\n<td>2012-2013<\/td>\n<td><a title=\"\" href=\"..\/..\/..\/wp-content\/uploads\/Equipes\/2012_2013\/ecole_volley.jpg\" data-rel=\"lightbox-gallery-nOFRDNnH\" data-rl_title=\"\" data-rl_caption=\"\">Championnat Midi-Pyr\u00e9n\u00e9es<\/a><\/td>\n<td>2\u00e8me (Poussins)<\/td>\n<\/tr>\n<tr>\n<td>2011-2012<\/td>\n<td><a title=\"\" href=\"..\/..\/..\/wp-content\/uploads\/Equipes\/2011_2012\/ecole_volley.jpg\" data-rel=\"lightbox-gallery-nOFRDNnH\" data-rl_title=\"\" data-rl_caption=\"\">Championnat Midi-Pyr\u00e9n\u00e9es<\/a><\/td>\n<td><\/td>\n<\/tr>\n<tr>\n<td>2010-2011<\/td>\n<td>Championnat Midi-Pyr\u00e9n\u00e9es<\/td>\n<td><\/td>\n<\/tr>\n<tr>\n<td>2009-2010<\/td>\n<td>Championnat Midi-Pyr\u00e9n\u00e9es<\/td>\n<td><\/td>\n<\/tr>\n<tr>\n<td>2008-2009<\/td>\n<td>Championnat Midi-Pyr\u00e9n\u00e9es<\/td>\n<td><\/td>\n<\/tr>\n<tr>\n<td>2007-2008<\/td>\n<td><a title=\"\" href=\"..\/..\/..\/wp-content\/uploads\/Equipes\/2007_2008\/ecole_volley.jpg\" data-rel=\"lightbox-gallery-nOFRDNnH\" data-rl_title=\"\" data-rl_caption=\"\">Championnat Midi-Pyr\u00e9n\u00e9es<\/a><\/td>\n<td><\/td>\n<\/tr>\n<\/tbody>\n<\/table>\n<\/div>\n<p><a title=\"Palmar\u00e8s\" href=\"..\">Retour Palmar\u00e8s<\/a><\/p>\n<div style=\"padding-bottom:20px; padding-top:10px;\" class=\"hupso-share-buttons\"><!-- Hupso Share Buttons - https:\/\/www.hupso.com\/share\/ --><a class=\"hupso_counters\" href=\"https:\/\/www.hupso.com\/share\/\"><img decoding=\"async\" src=\"https:\/\/static.hupso.com\/share\/buttons\/lang\/fr\/share-small.png\" style=\"border:0px; padding-top:2px; float:left;\" alt=\"Share Button\"\/><\/a><script type=\"text\/javascript\">var hupso_services_c=new Array(\"twitter\",\"facebook_like\",\"facebook_send\",\"google\",\"email\");var hupso_counters_lang = \"fr_FR\";var hupso_image_folder_url = \"\";var hupso_url_c=\"\";var hupso_title_c=\"Historique%20M11\";<\/script><script type=\"text\/javascript\" src=\"https:\/\/static.hupso.com\/share\/js\/counters.js\"><\/script><!-- Hupso Share Buttons --><\/div>","protected":false},"excerpt":{"rendered":"<p>&nbsp; Saison Division Classement 2015-2016 Championnat Midi-Pyr\u00e9n\u00e9es 2014-2015 Championnat Midi-Pyr\u00e9n\u00e9es 15\u00e8me (M11F) 2013-2014 Championnat Midi-Pyr\u00e9n\u00e9es 2\u00e8me (Poussins) 12\u00e8me (Poussines) 2012-2013 Championnat Midi-Pyr\u00e9n\u00e9es 2\u00e8me (Poussins) 2011-2012 Championnat Midi-Pyr\u00e9n\u00e9es 2010-2011 Championnat Midi-Pyr\u00e9n\u00e9es 2009-2010 Championnat Midi-Pyr\u00e9n\u00e9es 2008-2009 Championnat Midi-Pyr\u00e9n\u00e9es 2007-2008 Championnat Midi-Pyr\u00e9n\u00e9es Retour Palmar\u00e8s<\/p>\n<div style=\"padding-bottom:20px; padding-top:10px;\" class=\"hupso-share-buttons\"><!-- Hupso Share Buttons - https:\/\/www.hupso.com\/share\/ --><a class=\"hupso_counters\" href=\"https:\/\/www.hupso.com\/share\/\"><img src=\"https:\/\/static.hupso.com\/share\/buttons\/lang\/fr\/share-small.png\" style=\"border:0px; padding-top:2px; float:left;\" alt=\"Share Button\"\/><\/a><script type=\"text\/javascript\">var hupso_services_c=new Array(\"twitter\",\"facebook_like\",\"facebook_send\",\"google\",\"email\");var hupso_counters_lang = \"fr_FR\";var hupso_image_folder_url = \"\";var hupso_url_c=\"\";var hupso_title_c=\"Historique%20M11\";<\/script><script type=\"text\/javascript\" src=\"https:\/\/static.hupso.com\/share\/js\/counters.js\"><\/script><!-- Hupso Share Buttons --><\/div>","protected":false},"author":2,"featured_media":0,"parent":2228,"menu_order":0,"comment_status":"closed","ping_status":"closed","template":"","meta":{"_mc_calendar":[],"footnotes":""},"class_list":["post-2236","page","type-page","status-publish","hentry"],"_links":{"self":[{"href":"https:\/\/www.sportingclubplaisance.org\/scp-volley.fr\/wp-json\/wp\/v2\/pages\/2236","targetHints":{"allow":["GET"]}}],"collection":[{"href":"https:\/\/www.sportingclubplaisance.org\/scp-volley.fr\/wp-json\/wp\/v2\/pages"}],"about":[{"href":"https:\/\/www.sportingclubplaisance.org\/scp-volley.fr\/wp-json\/wp\/v2\/types\/page"}],"author":[{"embeddable":true,"href":"https:\/\/www.sportingclubplaisance.org\/scp-volley.fr\/wp-json\/wp\/v2\/users\/2"}],"replies":[{"embeddable":true,"href":"https:\/\/www.sportingclubplaisance.org\/scp-volley.fr\/wp-json\/wp\/v2\/comments?post=2236"}],"version-history":[{"count":4,"href":"https:\/\/www.sportingclubplaisance.org\/scp-volley.fr\/wp-json\/wp\/v2\/pages\/2236\/revisions"}],"predecessor-version":[{"id":2861,"href":"https:\/\/www.sportingclubplaisance.org\/scp-volley.fr\/wp-json\/wp\/v2\/pages\/2236\/revisions\/2861"}],"up":[{"embeddable":true,"href":"https:\/\/www.sportingclubplaisance.org\/scp-volley.fr\/wp-json\/wp\/v2\/pages\/2228"}],"wp:attachment":[{"href":"https:\/\/www.sportingclubplaisance.org\/scp-volley.fr\/wp-json\/wp\/v2\/media?parent=2236"}],"curies":[{"name":"wp","href":"https:\/\/api.w.org\/{rel}","templated":true}]}}