{"id":8,"date":"2017-11-21T23:53:17","date_gmt":"2017-11-21T22:53:17","guid":{"rendered":"https:\/\/etiencik.wordpress.com\/?page_id=5"},"modified":"2025-06-06T16:42:43","modified_gmt":"2025-06-06T14:42:43","slug":"accueil","status":"publish","type":"page","link":"https:\/\/www.sportingclubplaisance.org\/scp-rme.fr\/","title":{"rendered":"Accueil"},"content":{"rendered":"<p><!-- \n<script type=\"text\/javascript\">\r\nlet details = navigator.userAgent;\r\nlet regexp = \/android|iphone|kindle|ipad\/i;\r\nlet isMobileDevice = regexp.test(details);\r\nif (isMobileDevice) {\r\nr = confirm('Cliquer sur OK pour afficher la version optimis\u00e9e');\r\n                if (r == true) {  \r\n                    document.body.innerHTML = \"\";\r\n                    document.location.href='https:\/\/www.sportingclubplaisance.org\/scp-rme.fr\/RmeNew';\r\n                }\r\n}\r\n<\/script>\n --><\/p>\n<p style=\"text-align: left;\"><span style=\"color: #003366; font-size: 14pt;\"><strong><span style=\"font-family: verdana, geneva, sans-serif;\">\u00a0 \u00a0 \u00a0 \u00a0 \u00a0 \u00a0 \u00a0 \u00a0 \u00a0Le\u00a0SCP Randonn\u00e9e Montagne Escalade, c\u2019est chaque ann\u00e9e:<\/span><\/strong><\/span><\/p>\n<ul>\n<li><span style=\"font-family: verdana, geneva, sans-serif; color: #ffff00; font-size: 14pt;\">Randonn\u00e9es Montagne les jeudi et dimanche, Camp d\u2019\u00e9t\u00e9,<\/span><\/li>\n<li><span style=\"font-family: verdana, geneva, sans-serif; color: #ffff00; font-size: 14pt;\">1000 heures d\u2019ouverture du mur d\u2019escalade, et une \u00e9cole d\u2019escalade pour les jeunes,<\/span><\/li>\n<li><span style=\"font-family: verdana, geneva, sans-serif; color: #ffff00; font-size: 14pt;\">Une pratique sportive et dynamique de la marche nordique,<\/span><\/li>\n<li><span style=\"color: #ffff00; font-family: verdana, geneva, sans-serif; font-size: 14pt;\">Encadrement par des b\u00e9n\u00e9voles form\u00e9s,<\/span><\/li>\n<li><span style=\"color: #ffff00; font-family: verdana, geneva, sans-serif; font-size: 14pt;\"> 50 ans de pratique de la montagne.<\/span><\/li>\n<\/ul>\n","protected":false},"excerpt":{"rendered":"<p>\u00a0 \u00a0 \u00a0 \u00a0 \u00a0 \u00a0 \u00a0 \u00a0 \u00a0Le\u00a0SCP Randonn\u00e9e Montagne Escalade, c\u2019est chaque ann\u00e9e: Randonn\u00e9es Montagne les jeudi et dimanche, Camp d\u2019\u00e9t\u00e9, 1000 heures d\u2019ouverture du mur d\u2019escalade, et une \u00e9cole d\u2019escalade pour les jeunes, Une pratique sportive et dynamique de la marche nordique, Encadrement par des b\u00e9n\u00e9voles form\u00e9s, 50 ans de pratique de &hellip; <a href=\"https:\/\/www.sportingclubplaisance.org\/scp-rme.fr\/\" class=\"more-link\">Continuer la lecture de <span class=\"screen-reader-text\">Accueil<\/span><\/a><\/p>\n","protected":false},"author":5,"featured_media":49,"parent":0,"menu_order":1,"comment_status":"closed","ping_status":"closed","template":"page-templates\/front-page.php","meta":{"footnotes":""},"_links":{"self":[{"href":"https:\/\/www.sportingclubplaisance.org\/scp-rme.fr\/index.php?rest_route=\/wp\/v2\/pages\/8"}],"collection":[{"href":"https:\/\/www.sportingclubplaisance.org\/scp-rme.fr\/index.php?rest_route=\/wp\/v2\/pages"}],"about":[{"href":"https:\/\/www.sportingclubplaisance.org\/scp-rme.fr\/index.php?rest_route=\/wp\/v2\/types\/page"}],"author":[{"embeddable":true,"href":"https:\/\/www.sportingclubplaisance.org\/scp-rme.fr\/index.php?rest_route=\/wp\/v2\/users\/5"}],"replies":[{"embeddable":true,"href":"https:\/\/www.sportingclubplaisance.org\/scp-rme.fr\/index.php?rest_route=%2Fwp%2Fv2%2Fcomments&post=8"}],"version-history":[{"count":40,"href":"https:\/\/www.sportingclubplaisance.org\/scp-rme.fr\/index.php?rest_route=\/wp\/v2\/pages\/8\/revisions"}],"predecessor-version":[{"id":4008,"href":"https:\/\/www.sportingclubplaisance.org\/scp-rme.fr\/index.php?rest_route=\/wp\/v2\/pages\/8\/revisions\/4008"}],"wp:featuredmedia":[{"embeddable":true,"href":"https:\/\/www.sportingclubplaisance.org\/scp-rme.fr\/index.php?rest_route=\/wp\/v2\/media\/49"}],"wp:attachment":[{"href":"https:\/\/www.sportingclubplaisance.org\/scp-rme.fr\/index.php?rest_route=%2Fwp%2Fv2%2Fmedia&parent=8"}],"curies":[{"name":"wp","href":"https:\/\/api.w.org\/{rel}","templated":true}]}}