{"id":1662,"date":"2014-04-12T10:09:17","date_gmt":"2014-04-12T09:09:17","guid":{"rendered":"http:\/\/www.sportingclubplaisance.org\/scp-artsmartiaux.fr\/?post_type=product&#038;p=1662"},"modified":"2022-09-05T06:54:43","modified_gmt":"2022-09-05T05:54:43","slug":"zoris","status":"publish","type":"product","link":"https:\/\/www.sportingclubplaisance.org\/scp-artsmartiaux.fr\/boutique\/zoris\/","title":{"rendered":"Zoris"},"content":{"rendered":"<p>Les zoris sont indispensable pour se rendre du vestiaire au tatami.<br \/>\nLa semelle int\u00e9rieure est en paille, deux lani\u00e8res en velours noir crois\u00e9es sur le dessus du pied assurent un bon maintien.<\/p>\n","protected":false},"excerpt":{"rendered":"<p>Les zoris sont indispensable pour se rendre du vestiaire au tatami. La semelle int\u00e9rieure est en paille, deux lani\u00e8res en velours noir crois\u00e9es sur le dessus du pied assurent un bon maintien.<\/p>\n","protected":false},"featured_media":1992,"template":"","meta":[],"product_brand":[],"product_cat":[53],"product_tag":[],"class_list":{"0":"post-1662","1":"product","2":"type-product","3":"status-publish","4":"has-post-thumbnail","6":"product_cat-boutique","7":"pa_pointure-87","8":"pa_pointure-88","9":"pa_pointure-71","10":"pa_pointure-72","11":"pa_pointure-73","12":"pa_pointure-74","13":"pa_pointure-75","14":"pa_pointure-76","15":"pa_pointure-77","17":"first","18":"instock","19":"shipping-taxable","20":"purchasable","21":"product-type-variable"},"publishpress_future_workflow_manual_trigger":{"enabledWorkflows":[]},"_links":{"self":[{"href":"https:\/\/www.sportingclubplaisance.org\/scp-artsmartiaux.fr\/wp-json\/wp\/v2\/product\/1662","targetHints":{"allow":["GET"]}}],"collection":[{"href":"https:\/\/www.sportingclubplaisance.org\/scp-artsmartiaux.fr\/wp-json\/wp\/v2\/product"}],"about":[{"href":"https:\/\/www.sportingclubplaisance.org\/scp-artsmartiaux.fr\/wp-json\/wp\/v2\/types\/product"}],"wp:featuredmedia":[{"embeddable":true,"href":"https:\/\/www.sportingclubplaisance.org\/scp-artsmartiaux.fr\/wp-json\/wp\/v2\/media\/1992"}],"wp:attachment":[{"href":"https:\/\/www.sportingclubplaisance.org\/scp-artsmartiaux.fr\/wp-json\/wp\/v2\/media?parent=1662"}],"wp:term":[{"taxonomy":"product_brand","embeddable":true,"href":"https:\/\/www.sportingclubplaisance.org\/scp-artsmartiaux.fr\/wp-json\/wp\/v2\/product_brand?post=1662"},{"taxonomy":"product_cat","embeddable":true,"href":"https:\/\/www.sportingclubplaisance.org\/scp-artsmartiaux.fr\/wp-json\/wp\/v2\/product_cat?post=1662"},{"taxonomy":"product_tag","embeddable":true,"href":"https:\/\/www.sportingclubplaisance.org\/scp-artsmartiaux.fr\/wp-json\/wp\/v2\/product_tag?post=1662"}],"curies":[{"name":"wp","href":"https:\/\/api.w.org\/{rel}","templated":true}]}}